{"id":112,"date":"2018-05-24T11:47:33","date_gmt":"2018-05-24T11:47:33","guid":{"rendered":"http:\/\/schenker.cc\/?page_id=112"},"modified":"2024-02-07T22:10:57","modified_gmt":"2024-02-07T22:10:57","slug":"prufbericht-kesseldimensionierung-anlage-3","status":"publish","type":"page","link":"https:\/\/www.schenker.cc\/?page_id=112","title":{"rendered":"Pr\u00fcfbericht Kesseldimensionierung &#8211; Anlage 3"},"content":{"rendered":"<p style=\"text-align: center;\">Wir sind laut Wiener Heizungs- und Klimaanlagengesetz 2015 dazu verpflichtet bei Anlagen \u00fcber 20kW Nennheizleistung ein Pr\u00fcfbericht \u00fcber die Kesseldimensionierung (Anlage 3). Dieser muss bei der Feuerst\u00e4tte aufbewahrt werden.<\/p>\n<p style=\"text-align: center;\">Wir erstellen den Pr\u00fcfbericht im Zuge ihres j\u00e4hrlichen Thermenservice.<\/p>\n<p style=\"text-align: center;\"><strong>F\u00fcr die Erstellung des Pr\u00fcfberichts fallen zus\u00e4tzlich zur der Servicepauschale Kosten von \u20ac 10,- an.<\/strong><\/p>\n","protected":false},"excerpt":{"rendered":"<p>Wir sind laut Wiener Heizungs- und Klimaanlagengesetz 2015 dazu verpflichtet bei Anlagen \u00fcber 20kW Nennheizleistung ein Pr\u00fcfbericht \u00fcber die Kesseldimensionierung (Anlage 3). Dieser muss bei der Feuerst\u00e4tte aufbewahrt werden. Wir erstellen den Pr\u00fcfbericht im Zuge ihres j\u00e4hrlichen Thermenservice. F\u00fcr die Erstellung des Pr\u00fcfberichts fallen zus\u00e4tzlich zur der Servicepauschale Kosten von \u20ac 10,- an.<\/p>\n","protected":false},"author":1,"featured_media":0,"parent":0,"menu_order":0,"comment_status":"closed","ping_status":"closed","template":"","meta":{"footnotes":""},"class_list":["post-112","page","type-page","status-publish","hentry"],"_links":{"self":[{"href":"https:\/\/www.schenker.cc\/index.php?rest_route=\/wp\/v2\/pages\/112","targetHints":{"allow":["GET"]}}],"collection":[{"href":"https:\/\/www.schenker.cc\/index.php?rest_route=\/wp\/v2\/pages"}],"about":[{"href":"https:\/\/www.schenker.cc\/index.php?rest_route=\/wp\/v2\/types\/page"}],"author":[{"embeddable":true,"href":"https:\/\/www.schenker.cc\/index.php?rest_route=\/wp\/v2\/users\/1"}],"replies":[{"embeddable":true,"href":"https:\/\/www.schenker.cc\/index.php?rest_route=%2Fwp%2Fv2%2Fcomments&post=112"}],"version-history":[{"count":4,"href":"https:\/\/www.schenker.cc\/index.php?rest_route=\/wp\/v2\/pages\/112\/revisions"}],"predecessor-version":[{"id":490,"href":"https:\/\/www.schenker.cc\/index.php?rest_route=\/wp\/v2\/pages\/112\/revisions\/490"}],"wp:attachment":[{"href":"https:\/\/www.schenker.cc\/index.php?rest_route=%2Fwp%2Fv2%2Fmedia&parent=112"}],"curies":[{"name":"wp","href":"https:\/\/api.w.org\/{rel}","templated":true}]}}